{"id":3141,"date":"2025-03-04T10:58:10","date_gmt":"2025-03-04T09:58:10","guid":{"rendered":"https:\/\/www.raumtechnik.com\/?post_type=aktuelles&#038;p=3141"},"modified":"2025-03-04T10:58:10","modified_gmt":"2025-03-04T09:58:10","slug":"raumtechnik-auf-dem-firmeninformationstag-in-stuttgart","status":"publish","type":"aktuelles","link":"https:\/\/www.raumtechnik.com\/de\/aktuelles\/raumtechnik-auf-dem-firmeninformationstag-in-stuttgart\/","title":{"rendered":"Raumtechnik auf dem Firmeninformationstag in Stuttgart"},"excerpt":{"rendered":"<p>Wir waren gestern auf dem Firmeninformationstag der gewerblichen Schule f\u00fcr Holztechnik in Stuttgart und hatten die tolle Gelegenheit, mit den Sch\u00fclern und Absolventen ins Gespr\u00e4ch zu kommen. In &#8230;<\/p>\n","protected":false},"featured_media":3142,"menu_order":0,"template":"","aktuelles-kategorie":[],"class_list":["post-3141","aktuelles","type-aktuelles","status-publish","has-post-thumbnail","hentry"],"_links":{"self":[{"href":"https:\/\/www.raumtechnik.com\/de\/wp-json\/wp\/v2\/aktuelles\/3141","targetHints":{"allow":["GET"]}}],"collection":[{"href":"https:\/\/www.raumtechnik.com\/de\/wp-json\/wp\/v2\/aktuelles"}],"about":[{"href":"https:\/\/www.raumtechnik.com\/de\/wp-json\/wp\/v2\/types\/aktuelles"}],"wp:featuredmedia":[{"embeddable":true,"href":"https:\/\/www.raumtechnik.com\/de\/wp-json\/wp\/v2\/media\/3142"}],"wp:attachment":[{"href":"https:\/\/www.raumtechnik.com\/de\/wp-json\/wp\/v2\/media?parent=3141"}],"wp:term":[{"taxonomy":"aktuelles-kategorie","embeddable":true,"href":"https:\/\/www.raumtechnik.com\/de\/wp-json\/wp\/v2\/aktuelles-kategorie?post=3141"}],"curies":[{"name":"wp","href":"https:\/\/api.w.org\/{rel}","templated":true}]}}

<p>Wir waren gestern auf dem Firmeninformationstag der gewerblichen Schule für Holztechnik in Stuttgart und hatten die tolle Gelegenheit, mit den Schülern und Absolventen ins Gespräch zu kommen. In &#8230;</p>
